{"id":210,"date":"2023-01-15T08:18:29","date_gmt":"2023-01-15T08:18:29","guid":{"rendered":"https:\/\/mom2023.ch\/?page_id=210"},"modified":"2023-09-13T20:31:04","modified_gmt":"2023-09-13T20:31:04","slug":"berner-oberlaender-ol-weekend-2023-2","status":"publish","type":"page","link":"https:\/\/mom.olg-hondrich.ch\/","title":{"rendered":"Berner Oberl\u00e4nder OL-Weekend 2023"},"content":{"rendered":"\n<figure class=\"wp-block-embed is-type-video is-provider-youtube wp-block-embed-youtube wp-embed-aspect-16-9 wp-has-aspect-ratio\"><div class=\"wp-block-embed__wrapper\">\n<iframe loading=\"lazy\" title=\"Afervideo MOM 2023\" width=\"800\" height=\"450\" src=\"https:\/\/www.youtube.com\/embed\/vH-PiM_ofFE?feature=oembed\" frameborder=\"0\" allow=\"accelerometer; autoplay; clipboard-write; encrypted-media; gyroscope; picture-in-picture; web-share\" allowfullscreen><\/iframe>\n<\/div><\/figure>\n\n\n\n<figure class=\"wp-block-embed is-type-video is-provider-youtube wp-block-embed-youtube wp-embed-aspect-16-9 wp-has-aspect-ratio\"><div class=\"wp-block-embed__wrapper\">\n<iframe loading=\"lazy\" title=\"Trailer MOM 2023 \u2013 OLG Hondrich (9.September 2023)\" width=\"800\" height=\"450\" src=\"https:\/\/www.youtube.com\/embed\/0jFK1SxnW3M?feature=oembed\" frameborder=\"0\" allow=\"accelerometer; autoplay; clipboard-write; encrypted-media; gyroscope; picture-in-picture; web-share\" allowfullscreen><\/iframe>\n<\/div><\/figure>\n\n\n\n<div style=\"height:20px\" aria-hidden=\"true\" class=\"wp-block-spacer\"><\/div>\n\n\n\n<div class=\"wp-block-columns is-layout-flex wp-container-core-columns-is-layout-9d6595d7 wp-block-columns-is-layout-flex\">\n<div class=\"wp-block-column is-layout-flow wp-block-column-is-layout-flow\" style=\"flex-basis:66.66%\">\n<h2 class=\"wp-block-heading\">News<\/h2>\n\n\n<ul class=\"wp-block-latest-posts__list is-grid columns-2 aligncenter wp-block-latest-posts\"><li><div class=\"wp-block-latest-posts__featured-image aligncenter\"><a href=\"https:\/\/mom.olg-hondrich.ch\/?p=718\" aria-label=\"Bilder MOM 2023\"><img loading=\"lazy\" decoding=\"async\" width=\"150\" height=\"150\" src=\"https:\/\/mom.olg-hondrich.ch\/wp-content\/uploads\/2022\/11\/IMG_2929_web-150x150.jpg\" class=\"attachment-thumbnail size-thumbnail wp-post-image\" alt=\"\" style=\"\" \/><\/a><\/div><a class=\"wp-block-latest-posts__post-title\" href=\"https:\/\/mom.olg-hondrich.ch\/?p=718\">Bilder MOM 2023<\/a><div class=\"wp-block-latest-posts__post-excerpt\">Die Bilder vom Berner Oberland Weekend ist online. <\/div><\/li>\n<li><div class=\"wp-block-latest-posts__featured-image aligncenter\"><a href=\"https:\/\/mom.olg-hondrich.ch\/?p=433\" aria-label=\"Weisungen 6. Nationaler\"><img loading=\"lazy\" decoding=\"async\" width=\"150\" height=\"150\" src=\"https:\/\/mom.olg-hondrich.ch\/wp-content\/uploads\/2022\/11\/IMG_2929_web-150x150.jpg\" class=\"attachment-thumbnail size-thumbnail wp-post-image\" alt=\"\" style=\"\" \/><\/a><\/div><a class=\"wp-block-latest-posts__post-title\" href=\"https:\/\/mom.olg-hondrich.ch\/?p=433\">Weisungen 6. Nationaler<\/a><div class=\"wp-block-latest-posts__post-excerpt\">Die Weisungen vom 6. Nationaler ist online. <\/div><\/li>\n<li><div class=\"wp-block-latest-posts__featured-image aligncenter\"><a href=\"https:\/\/mom.olg-hondrich.ch\/?p=425\" aria-label=\"Weisungen MOM 2023\"><img loading=\"lazy\" decoding=\"async\" width=\"150\" height=\"150\" src=\"https:\/\/mom.olg-hondrich.ch\/wp-content\/uploads\/2022\/11\/IMG_2929_web-150x150.jpg\" class=\"attachment-thumbnail size-thumbnail wp-post-image\" alt=\"\" style=\"\" \/><\/a><\/div><a class=\"wp-block-latest-posts__post-title\" href=\"https:\/\/mom.olg-hondrich.ch\/?p=425\">Weisungen MOM 2023<\/a><div class=\"wp-block-latest-posts__post-excerpt\">Die Weisungen von der MOM 2023 sind online. <\/div><\/li>\n<li><div class=\"wp-block-latest-posts__featured-image aligncenter\"><a href=\"https:\/\/mom.olg-hondrich.ch\/?p=370\" aria-label=\"provisorische Bahndaten\/donn\u00e9es ferroviaires provisoires\"><img loading=\"lazy\" decoding=\"async\" width=\"150\" height=\"150\" src=\"https:\/\/mom.olg-hondrich.ch\/wp-content\/uploads\/2022\/11\/IMG_2929_web-150x150.jpg\" class=\"attachment-thumbnail size-thumbnail wp-post-image\" alt=\"\" style=\"\" \/><\/a><\/div><a class=\"wp-block-latest-posts__post-title\" href=\"https:\/\/mom.olg-hondrich.ch\/?p=370\">provisorische Bahndaten\/donn\u00e9es ferroviaires provisoires<\/a><div class=\"wp-block-latest-posts__post-excerpt\">Die provisorischen Bahndaten vom Berner Oberland Weekend sind online. <\/div><\/li>\n<li><div class=\"wp-block-latest-posts__featured-image aligncenter\"><a href=\"https:\/\/mom.olg-hondrich.ch\/?p=304\" aria-label=\"L&#8217;annonce\"><img loading=\"lazy\" decoding=\"async\" width=\"150\" height=\"150\" src=\"https:\/\/mom.olg-hondrich.ch\/wp-content\/uploads\/2022\/11\/IMG_2929_web-150x150.jpg\" class=\"attachment-thumbnail size-thumbnail wp-post-image\" alt=\"\" style=\"\" \/><\/a><\/div><a class=\"wp-block-latest-posts__post-title\" href=\"https:\/\/mom.olg-hondrich.ch\/?p=304\">L&#8217;annonce<\/a><div class=\"wp-block-latest-posts__post-excerpt\">L&#8217;annonce du Berner Oberland Weekend est en ligne.<\/div><\/li>\n<li><div class=\"wp-block-latest-posts__featured-image aligncenter\"><a href=\"https:\/\/mom.olg-hondrich.ch\/?p=296\" aria-label=\"Ausschreibung\"><img loading=\"lazy\" decoding=\"async\" width=\"150\" height=\"150\" src=\"https:\/\/mom.olg-hondrich.ch\/wp-content\/uploads\/2022\/11\/IMG_2929_web-150x150.jpg\" class=\"attachment-thumbnail size-thumbnail wp-post-image\" alt=\"\" style=\"\" \/><\/a><\/div><a class=\"wp-block-latest-posts__post-title\" href=\"https:\/\/mom.olg-hondrich.ch\/?p=296\">Ausschreibung<\/a><div class=\"wp-block-latest-posts__post-excerpt\">Die Ausschreibung vom Berner Oberland Weekend ist online. <\/div><\/li>\n<li><div class=\"wp-block-latest-posts__featured-image aligncenter\"><a href=\"https:\/\/mom.olg-hondrich.ch\/?p=280\" aria-label=\"Bulletin live\"><img loading=\"lazy\" decoding=\"async\" width=\"150\" height=\"150\" src=\"https:\/\/mom.olg-hondrich.ch\/wp-content\/uploads\/2022\/11\/IMG_2929_web-150x150.jpg\" class=\"attachment-thumbnail size-thumbnail wp-post-image\" alt=\"\" style=\"\" \/><\/a><\/div><a class=\"wp-block-latest-posts__post-title\" href=\"https:\/\/mom.olg-hondrich.ch\/?p=280\">Bulletin live<\/a><div class=\"wp-block-latest-posts__post-excerpt\">The bulletin 1 is now ready.<\/div><\/li>\n<li><div class=\"wp-block-latest-posts__featured-image aligncenter\"><a href=\"https:\/\/mom.olg-hondrich.ch\/?p=195\" aria-label=\"6. Nationaler\"><img loading=\"lazy\" decoding=\"async\" width=\"131\" height=\"150\" src=\"https:\/\/mom.olg-hondrich.ch\/wp-content\/uploads\/2022\/12\/OLG-Thun-Logo.jpg\" class=\"attachment-thumbnail size-thumbnail wp-post-image\" alt=\"\" style=\"\" \/><\/a><\/div><a class=\"wp-block-latest-posts__post-title\" href=\"https:\/\/mom.olg-hondrich.ch\/?p=195\">6. Nationaler<\/a><div class=\"wp-block-latest-posts__post-excerpt\">10. September 2023:\n6. Nationaler\nKarte: Honegg<\/div><\/li>\n<li><div class=\"wp-block-latest-posts__featured-image aligncenter\"><a href=\"https:\/\/mom.olg-hondrich.ch\/?p=192\" aria-label=\"MOM Ballenberg\"><img loading=\"lazy\" decoding=\"async\" width=\"150\" height=\"150\" src=\"https:\/\/mom.olg-hondrich.ch\/wp-content\/uploads\/2022\/11\/cropped-Element-1@4x-150x150.png\" class=\"attachment-thumbnail size-thumbnail wp-post-image\" alt=\"\" style=\"\" srcset=\"https:\/\/mom.olg-hondrich.ch\/wp-content\/uploads\/2022\/11\/cropped-Element-1@4x-150x150.png 150w, https:\/\/mom.olg-hondrich.ch\/wp-content\/uploads\/2022\/11\/cropped-Element-1@4x-300x300.png 300w, https:\/\/mom.olg-hondrich.ch\/wp-content\/uploads\/2022\/11\/cropped-Element-1@4x-270x270.png 270w, https:\/\/mom.olg-hondrich.ch\/wp-content\/uploads\/2022\/11\/cropped-Element-1@4x-192x192.png 192w, https:\/\/mom.olg-hondrich.ch\/wp-content\/uploads\/2022\/11\/cropped-Element-1@4x-180x180.png 180w, https:\/\/mom.olg-hondrich.ch\/wp-content\/uploads\/2022\/11\/cropped-Element-1@4x-32x32.png 32w, https:\/\/mom.olg-hondrich.ch\/wp-content\/uploads\/2022\/11\/cropped-Element-1@4x.png 512w\" sizes=\"auto, (max-width: 150px) 100vw, 150px\" \/><\/a><\/div><a class=\"wp-block-latest-posts__post-title\" href=\"https:\/\/mom.olg-hondrich.ch\/?p=192\">MOM Ballenberg<\/a><div class=\"wp-block-latest-posts__post-excerpt\">9. September 2023: Schweizermeisterschaft MitteldistanzKarte: Ballenberg<\/div><\/li>\n<\/ul><\/div>\n\n\n\n<div class=\"wp-block-column is-layout-flow wp-block-column-is-layout-flow\" style=\"flex-basis:33.33%\">\n<h2 class=\"wp-block-heading\">Wichtige Infos<\/h2>\n\n\n\n<h3 class=\"wp-block-heading\" style=\"font-size:19px\">Wetter und Schatten<\/h3>\n\n\n\n<p>Der Samstag verspricht ein sonniger und warmer Tag zu werden. Im WKZ bestehen kaum Schattenpl\u00e4tze. Stellt also Eure Klubzelte auf, um Euch vor der Sonne zu sch\u00fctzen. Das OK wird ebenfalls zus\u00e4tzliche Zelte aufstellen.<br>Es hat gen\u00fcgend Br\u00fcnnen rund um das eigentliche WKZ, welche zug\u00e4nglich sind. Zudem wurde das Sperrgebiet westlich des &#8222;Alten B\u00e4ren&#8220; Richtung Ballenberg Drogerie etwas ge\u00f6ffnet, um mehr Platz f\u00fcr die Teilnehmenden zu erhalten (siehe Foto). Dort hat es auch Picknickpl\u00e4tze im Schatten und ebenfalls einen Brunnen.<\/p>\n\n\n\n<figure class=\"wp-block-image size-large\"><img loading=\"lazy\" decoding=\"async\" width=\"1024\" height=\"1024\" src=\"https:\/\/mom.olg-hondrich.ch\/wp-content\/uploads\/2023\/09\/Sperrgebiet-1024x1024.jpg\" alt=\"\" class=\"wp-image-458\" srcset=\"https:\/\/mom.olg-hondrich.ch\/wp-content\/uploads\/2023\/09\/Sperrgebiet-1024x1024.jpg 1024w, https:\/\/mom.olg-hondrich.ch\/wp-content\/uploads\/2023\/09\/Sperrgebiet-300x300.jpg 300w, https:\/\/mom.olg-hondrich.ch\/wp-content\/uploads\/2023\/09\/Sperrgebiet-150x150.jpg 150w\" sizes=\"auto, (max-width: 1024px) 100vw, 1024px\" \/><\/figure>\n\n\n\n<hr class=\"wp-block-separator has-alpha-channel-opacity\"\/>\n\n\n\n<h3 class=\"wp-block-heading\" style=\"font-size:19px\">\u00d6V Transport 6. Nationaler OL<\/h3>\n\n\n\n<p>Der \u00d6V-Transport ab Bahnhof Thun erfolgt mit Kursen ohne Halt bis zum WKZ gem\u00e4ss speziellen Fahrplan in der <a href=\"https:\/\/mom.olg-hondrich.ch\/?page_id=340\" data-type=\"page\" data-id=\"340\">Ausschreibung<\/a>.<\/p>\n\n\n\n<p>Diese Kurse sind in den offiziellen Online-Fahrpl\u00e4nen nicht ersichtlich, da sie ausschliesslich f\u00fcr die OL L\u00e4ufer*innen reserviert sind!<\/p>\n\n\n\n<hr class=\"wp-block-separator has-alpha-channel-opacity\"\/>\n<\/div>\n<\/div>\n\n\n\n<h2 class=\"wp-block-heading\">Hauptsponsoren<\/h2>\n\n\n\n<div class=\"wp-block-columns is-layout-flex wp-container-core-columns-is-layout-9d6595d7 wp-block-columns-is-layout-flex\">\n<div class=\"wp-block-column is-layout-flow wp-block-column-is-layout-flow\"><div class=\"wp-block-image\">\n<figure class=\"aligncenter size-full\"><a href=\"https:\/\/www.trauffer.ch\/erlebniswelt\/\" target=\"_blank\" rel=\"noreferrer noopener\"><img loading=\"lazy\" decoding=\"async\" width=\"153\" height=\"131\" src=\"https:\/\/mom.olg-hondrich.ch\/wp-content\/uploads\/2023\/03\/Trauffer.jpg\" alt=\"\" class=\"wp-image-266\"\/><\/a><\/figure>\n<\/div>\n\n\n<figure class=\"wp-block-image size-large\"><a href=\"https:\/\/www.druckeinfach.ch\/ops42_387_DE_start\" target=\"_blank\" rel=\"noreferrer noopener\"><img loading=\"lazy\" decoding=\"async\" width=\"382\" height=\"92\" src=\"https:\/\/mom.olg-hondrich.ch\/wp-content\/uploads\/2023\/03\/DruckEinfach_logo_grau_cmyk_-382x92.jpg\" alt=\"\" class=\"wp-image-258\"\/><\/a><\/figure>\n<\/div>\n\n\n\n<div class=\"wp-block-column is-layout-flow wp-block-column-is-layout-flow\">\n<figure class=\"wp-block-image size-large is-style-default\"><a href=\"https:\/\/olplus.ch\/\" target=\"_blank\" rel=\"noreferrer noopener\"><img loading=\"lazy\" decoding=\"async\" width=\"256\" height=\"79\" src=\"https:\/\/mom.olg-hondrich.ch\/wp-content\/uploads\/2023\/01\/OL_Plus_LogoA_RGB_web-256x79.jpg\" alt=\"\" class=\"wp-image-245\"\/><\/a><\/figure>\n\n\n\n<figure class=\"wp-block-image size-large is-resized\"><a href=\"https:\/\/focuswater.ch\/\" target=\"_blank\" rel=\"noreferrer noopener\"><img loading=\"lazy\" decoding=\"async\" src=\"https:\/\/mom.olg-hondrich.ch\/wp-content\/uploads\/2023\/04\/logo_focus_water-463x468.png\" alt=\"\" class=\"wp-image-274\" style=\"width:232px;height:234px\" width=\"232\" height=\"234\" srcset=\"https:\/\/mom.olg-hondrich.ch\/wp-content\/uploads\/2023\/04\/logo_focus_water.png 463w, https:\/\/mom.olg-hondrich.ch\/wp-content\/uploads\/2023\/04\/logo_focus_water-150x150.png 150w\" sizes=\"auto, (max-width: 232px) 100vw, 232px\" \/><\/a><\/figure>\n<\/div>\n<\/div>\n\n\n\n<div class=\"wp-block-columns is-layout-flex wp-container-core-columns-is-layout-9d6595d7 wp-block-columns-is-layout-flex\">\n<div class=\"wp-block-column is-layout-flow wp-block-column-is-layout-flow\"><\/div>\n\n\n\n<div class=\"wp-block-column is-layout-flow wp-block-column-is-layout-flow\"><\/div>\n<\/div>\n\n\n\n<div style=\"height:100px\" aria-hidden=\"true\" class=\"wp-block-spacer\"><\/div>\n","protected":false},"excerpt":{"rendered":"<p>News Wichtige Infos Wetter und Schatten Der Samstag verspricht ein sonniger und warmer Tag zu werden. Im WKZ bestehen kaum Schattenpl\u00e4tze. Stellt also Eure Klubzelte auf, um Euch vor der Sonne zu sch\u00fctzen. Das OK wird ebenfalls zus\u00e4tzliche Zelte aufstellen.Es hat gen\u00fcgend Br\u00fcnnen rund um das eigentliche WKZ, welche zug\u00e4nglich sind. Zudem wurde das Sperrgebiet westlich des &#8222;Alten B\u00e4ren&#8220; Richtung Ballenberg Drogerie etwas ge\u00f6ffnet, um mehr Platz f\u00fcr die Teilnehmenden zu erhalten (siehe Foto). Dort hat es auch Picknickpl\u00e4tze im Schatten und ebenfalls einen Brunnen. \u00d6V Transport 6. Nationaler OL Der \u00d6V-Transport ab Bahnhof Thun erfolgt mit Kursen ohne Halt bis zum WKZ gem\u00e4ss speziellen Fahrplan in der Ausschreibung. Diese Kurse sind in den offiziellen Online-Fahrpl\u00e4nen nicht ersichtlich, da sie ausschliesslich f\u00fcr die OL L\u00e4ufer*innen reserviert sind! Hauptsponsoren<\/p>\n","protected":false},"author":1,"featured_media":0,"parent":0,"menu_order":0,"comment_status":"closed","ping_status":"closed","template":"","meta":{"ngg_post_thumbnail":0,"footnotes":""},"class_list":["post-210","page","type-page","status-publish"],"_links":{"self":[{"href":"https:\/\/mom.olg-hondrich.ch\/index.php?rest_route=\/wp\/v2\/pages\/210","targetHints":{"allow":["GET"]}}],"collection":[{"href":"https:\/\/mom.olg-hondrich.ch\/index.php?rest_route=\/wp\/v2\/pages"}],"about":[{"href":"https:\/\/mom.olg-hondrich.ch\/index.php?rest_route=\/wp\/v2\/types\/page"}],"author":[{"embeddable":true,"href":"https:\/\/mom.olg-hondrich.ch\/index.php?rest_route=\/wp\/v2\/users\/1"}],"replies":[{"embeddable":true,"href":"https:\/\/mom.olg-hondrich.ch\/index.php?rest_route=%2Fwp%2Fv2%2Fcomments&post=210"}],"version-history":[{"count":27,"href":"https:\/\/mom.olg-hondrich.ch\/index.php?rest_route=\/wp\/v2\/pages\/210\/revisions"}],"predecessor-version":[{"id":1080,"href":"https:\/\/mom.olg-hondrich.ch\/index.php?rest_route=\/wp\/v2\/pages\/210\/revisions\/1080"}],"wp:attachment":[{"href":"https:\/\/mom.olg-hondrich.ch\/index.php?rest_route=%2Fwp%2Fv2%2Fmedia&parent=210"}],"curies":[{"name":"wp","href":"https:\/\/api.w.org\/{rel}","templated":true}]}}